 -16*v**3 + 627*v**2 - 112*v + 9. Determine r(39).
204
Let i(o) = 2*o**2 + 150*o + 1191. Determine i(-66).
3
Let s(g) = 5*g**3 + 30*g**2 + 24*g + 158. Determine s(-6).
14
Let k(j) = 9*j**2 + 36*j - 8. Give k(-4).
-8
Let g(d) = 30*d - 140. What is g(-8)?
-380
Let p(x) = 10*x - 120. What is p(3)?
-90
Let n(c) = -91*c - 2698. Determine n(-30).
32
Let g(u) = 2*u**2 + 19*u + 16. Determine g(-2).
-14
Let a(k) = k**3 - 5*k**2 + 47*k - 225. Calculate a(5).
10
Let a(q) = q**2 - 360*q + 9285. Give a(28).
-11
Let a(n) = 9*n**2 + 867*n - 4298. Calculate a(5).
262
Let p(y) = y**3 - 109*y**2 - 5959*y - 145. Give p(149).
4
Let y(w) = 2*w**2 - 3*w - 27. What is y(-6)?
63
Let o(d) = -d**2 - 18*d - 9. Determine o(-17).
8
Let p(y) = 320*y + 725. Determine p(-2).
85
Let y(f) = f**3 + 5*f**2 + 6*f + 46. Determine y(-8).
-194
Let c(w) = -w**3 + 4*w**2 + 168*w + 25. What is c(-11)?
-8
Let v(a) = a**3 + 7*a**2 - 6*a - 8. What is v(-5)?
72
Let z(r) = 2*r**2 + 22*r + 85. Give z(-4).
29
Let d(c) = 412*c + 9889. What is d(-24)?
1
Let l(w) = 30*w - 272. Calculate l(9).
-2
Let v(q) = -143*q**2 - 10*q - 10. Determine v(-1).
-143
Let j(d) = d**3 - 32*d**2 - 57*d - 402. Calculate j(34).
-28
Let g(j) = 4*j**2 - 84*j + 2. Calculate g(21).
2
Let j(m) = m**3 - 13*m**2 + 1. Give j(0).
1
Let s(d) = -5*d**2 + 1228*d + 1718. Give s(247).
-11
Let v(d) = -40*d - 244. What is v(-13)?
276
Let q(s) = 2*s**3 - 29*s**2 + 42*s - 47. Calculate q(13).
-8
Let z(s) = s**3 - 10*s**2 + 6*s - 40. Determine z(7).
-145
Let l(h) = 697*h - 7111. Give l(10).
-141
Let b(c) = -64*c - 11007. Calculate b(-172).
1
Let v(u) = 20*u**3 + 205*u**2 + 43*u - 12. Give v(-10).
58
Let b(p) = 33*p + 842. Give b(-29).
-115
Let v(r) = r**3 + 13*r**2 + 83*r + 118. Give v(-2).
-4
Let o(t) = -t**2 - 3343*t - 26670. What is o(-8)?
10
Let j(n) = 6*n**2 - 59*n + 100. What is j(9)?
55
Let j(z) = -18*z**3 - 181*z**2 - 21*z - 97. Calculate j(-10).
13
Let c(q) = q**3 - 14*q**2 + 50*q - 12. Determine c(9).
33
Let n(o) = 10770*o + 75382. What is n(-7)?
-8
Let t(q) = -364*q - 2276. Calculate t(-6).
-92
Let y(p) = -p**2 + 52*p - 35. Determine y(48).
157
Let g(u) = u**3 - u**2 + 6*u - 43. Calculate g(0).
-43
Let h(d) = 2*d**2 + 13*d + 7. Give h(-1).
-4
Let q(f) = -9*f - 70. What is q(-10)?
20
Let s(h) = h - 7. Give s(4).
-3
Let w(m) = -25*m**3 + 2*m**2 + 3*m + 3. Give w(2).
-183
Let i(x) = 17*x**2 - 353*x + 346. Give i(1).
10
Let h(m) = 2*m**3 - 104*m**2 + 99*m - 70. Determine h(51).
-223
Let s(i) = i**3 - i**2 + 12*i - 147. Calculate s(5).
13
Let u(b) = b**3 - 11*b**2 + b + 80. Calculate u(10).
-10
Let f(i) = -3*i**3 - 3*i**2 + 2*i + 9. What is f(0)?
9
Let n(s) = 9*s**2 - 926*s - 90. Give n(103).
13
Let d(h) = 610*h**2 + 53*h - 53. Calculate d(1).
610
Let f(a) = -5*a**2 + 204*a + 209. Determine f(42).
-43
Let o(m) = -5391*m - 32353. Calculate o(-6).
-7
Let h(p) = 20*p + 254. What is h(-9)?
74
Let g(l) = 9*l**2 + 174*l + 91. Give g(-18).
-125
Let t(c) = 59*c**2 + 295*c - 4. What is t(-5)?
-4
Let j(t) = 597*t + 13180. What is j(-22)?
46
Let y(f) = 12*f**2 - 4143*f + 4141. Give y(1).
10
Let a(t) = 322*t + 3547. Calculate a(-11).
5
Let p(s) = -3*s**2 - 3634*s - 21719. What is p(-6)?
-23
Let b(p) = 5*p + 13. Determine b(-3).
-2
Let r(f) = 9*f**2 + 853*f + 4778. Give r(-6).
-16
Let u(l) = -l**3 + l**2 + 44*l - 117. What is u(3)?
-3
Let a(f) = -f**3 - 4*f**2 + 52*f + 149. What is a(-6)?
-91
Let x(v) = -1223*v + 23239. Determine x(19).
2
Let k(u) = 102*u**2 - 2350*u + 100. Give k(23).
8
Let d(r) = 4*r - 425. Give d(110).
15
Let r(l) = 16*l - 66. Calculate r(-8).
-194
Let y(f) = -f**3 - 27*f**2 - 72*f - 133. Give y(-24).
-133
Let c(u) = 196*u - 1528. Calculate c(8).
40
Let u(h) = -2*h**2 + 34*h + 121. Calculate u(20).
1
Let g(u) = 5*u**2 - 173*u - 251. What is g(36)?
1
Let l(p) = 2*p**3 - 5*p**2 - 40*p + 103. What is l(5)?
28
Let r(v) = v**3 - 37*v**2 - 46*v + 263. Determine r(38).
-41
Let d(l) = -l**3 + 86*l**2 - 1844*l + 172. Give d(46).
-12
Let g(c) = -c**2 - 163*c - 4272. Determine g(-33).
18
Let a(o) = -o**3 + 10*o**2 + 58*o - 31. Calculate a(14).
-3
Let s(b) = -2*b + 39. Determine s(25).
-11
Let d(b) = -6*b**3 - b**2 - 7*b - 4. What is d(-4)?
392
Let p(q) = -q**2 + 13*q + 1372. Give p(-31).
8
Let h(g) = 743*g + 52754. What is h(-71)?
1
Let a(o) = -2*o**2 - 13*o + 91. Determine a(4).
7
Let n(y) = -y**3 - 22*y**2 + 21*y - 56. Determine n(-23).
-10
Let m(b) = -834*b + 4962. What is m(6)?
-42
Let w(a) = 1245*a - 13706. Give w(11).
-11
Let i(u) = 87*u**2 + 4*u - 4. Give i(1).
87
Let r(u) = -u**2 + 8*u + 82. Determine r(14).
-2
Let m(i) = i**3 + 63*i**2 + 683*i - 15. Determine m(-49).
132
Let q(r) = -4*r**2 + 62*r + 27. Determine q(16).
-5
Let b(c) = 5*c**2 - 84*c + 231. What is b(13)?
-16
Let p(z) = 5*z**2 + 47*z - 14. Determine p(-7).
-98
Let q(m) = 227*m + 8407. Calculate q(-37).
8
Let n(k) = -347*k + 5920. What is n(17)?
21
Let g(m) = m**3 + 3*m**2 - 35*m - 40. What is g(-7)?
9
Let r(i) = 208*i + 130. Give r(3).
754
Let d(q) = 2258*q + 11140. Give d(-5).
-150
Let g(s) = -3729*s - 11204. Calculate g(-3).
-17
Let b(y) = y**3 + 9*y**2 - 11*y - 128. Calculate b(-8).
24
Let w(b) = -27*b**2 - 8*b - 165. Determine w(-7).
-1432
Let z(n) = 9*n**2 - 567*n + 557. Determine z(62).
-1
Let g(o) = 3156*o - 9537. Determine g(3).
-69
Let y(z) = z**2 + 98*z + 277. What is y(-95)?
-8
Let s(t) = -4*t**2 - 37*t + 124. Determine s(3).
-23
Let z(g) = 807*g + 9667. Give z(-12).
-17
Let b(l) = l**3 + 51*l**2 - 49*l + 144. Calculate b(-52).
-12
Let r(f) = 245*f - 1470. Calculate r(6).
0
Let n(w) = 3*w**3 + 9*w**2 - 1. Give n(-3).
-1
Let r(o) = -140*o - 1682. Give r(-12).
-2
Let j(q) = 36*q + 216. Determine j(-15).
-324
Let i(a) = 347*a - 12492. Give i(36).
0
Let n(r) = r**2 + 419*r + 4839. Determine n(-12).
-45
Let f(b) = 149*b + 4891. Calculate f(-33).
-26
Let v(m) = -m**2 - 1153*m - 6904. Calculate v(-6).
-22
Let s(f) = f**3 - 22*f**2 + 13*f + 215. What is s(19)?
-621
Let r(g) = -7*g**3 - 427*g**2 + 4*g + 245. Give r(-61).
1
Let g(w) = -9*w + 21. What is g(5)?
-24
Let b(g) = g**3 + 8*g**2 + 10*g - 8. What is b(-7)?
-29
Let z(g) = 3328*g - 16668. Give z(5).
-28
Let n(j) = 1269*j + 2568. What is n(-2)?
30
Let a(k) = -2*k**2 - 894*k + 14817. Calculate a(16).
1
Let f(v) = 108*v - 45. Determine f(1).
63
Let m(h) = -11*h**2 - 120*h - 21. Give m(-4).
283
Let q(h) = 2*h**3 + 27*h**2 + 85*h + 31. What is q(-9)?
-5
Let g(q) = 16*q**2 + 115*q - 118. What is g(-9)?
143
Let x(s) = -12*s - 1551. Give x(-133).
45
Let h(k) = -2*k**2 - 530*k + 14487. Calculate h(-290).
-13
Let p(f) = 36*f - 966. Calculate p(29).
78
Let y(t) = t**2 - 44*t - 62. Determine y(-4).
130
Let k(a) = 376*a + 7890. Calculate k(-21).
-6
Let l(d) = -d**3 + 16*d**2 + 23*d - 604. What is l(14)?
110
Let g(h) = -4*h**2 + 26*h - 53. Give g(6).
-41
Let d(o) = -o**3 + 34*o**2 + 23. Give d(34).
23
Let b(t) = 2*t**2 + 254*t + 7978. Calculate b(-70).
-2
Let h(g) = g**2 - 19*g + 61. Calculate h(5).
-9
Let p(s) = s**3 + 12*s**2 - 18*s + 17. What is p(-14)?
-123
Let f(i) = -4*i**2 - 51*i + 59. Determine f(-12).
95
Let v(j) = 1264*j + 13904. Determine v(-11).
0
Let t(u) = u**3 - 4*u**2 + 3*u + 3. Determine t(5).
43
Let r(d) = -41*d - 346. Determine r(-9).
23
Let p(w) = -26*w**2 + 27*w + 168. Determine p(-4).
-356
Let w(n) = -192*n + 13239. Calculate w(69).
-9
Let a(h) = -2*h**2 - 61*h - 435. Give a(-18).
15
Let y(j) = 2*j**3 + 42*j**2 + 121*j + 211. Give y(-18).
-23
Let k(b) = -6*b**2 + 444*b - 2071. Give k(69).
-1
Let p(n) = -4*n**2 - 15*n + 255. Calculate p(-10).
5
Let q(d) = -103*d - 4960. What is q(-48)?
-16
Let t(x) = 55*x**2 - 6380*x + 15. What is t(116)?
15
Let g(y) = -1938*y - 79442. What is g(-41)?
16
Let k(g) = -g**2 + 79*g + 2219. Give k(-22).
-3
Let i(b) = -b**2 - 55*b - 707. Determine i(-22).
19
Let b(i) = -i**2 + 8*i + 15. Give b(13).
-50
Let n(j) = -9*j**2 + 2*j. What is n(1)?
-7
Let k(m) = 126*m**2 + 46*m + 80. Give k(-2).
492
Let a(f) = -f**3 - 10*f**2 + 449*f + 3732. Give a(-8).
12
Let w(i) = 342*i + 2734. Give w(-8).
-2
Let k(b) = 144*b - 856. What is k(6)?
8
Let p(n) = n**3 + 7*n**2 - 5*n - 8. Determine p(-3).
43
Let t(d) = -d**3 + 34*d**2 - 3*d + 114. What is t(34)?
12
Let h(t) = -218*t + 6105. Calculate h(28).
1
Let m(s) = 1673*s + 21747. What is m(-13)?
-2
Let k(v) = -23*v**2 + 18*v + 94. Calc